s -5 - -4a58?
4a53
In base 13, what is 1431b5 + -4?
1431b1
In base 6, what is -12 - 2012203?
-2012215
In base 2, what is -1011 + 11100011011010?
11100011001111
In base 7, what is 11504 + -214?
11260
In base 2, what is 100 + -10010001110100?
-10010001110000
In base 9, what is -4107435 - 1?
-4107436
In base 2, what is 11110110100 - 101010?
11110001010
In base 15, what is -20243 - -a?
-20238
In base 4, what is 11 + 1013312?
1013323
In base 10, what is 7 - -1904?
1911
In base 8, what is 0 - 1154554?
-1154554
In base 14, what is -13 + -7bb?
-7d0
In base 9, what is -50813 - 50?
-50863
In base 6, what is 53554 - 32?
53522
In base 4, what is -102 - -2210?
2102
In base 13, what is -20871 + -10?
-20881
In base 12, what is 4 + 91bb?
9203
In base 8, what is 30325 - -230?
30555
In base 5, what is 12 + -4200?
-4133
In base 2, what is 10 + 101110100010110100010?
101110100010110100100
In base 14, what is 307 + -25?
2c2
In base 11, what is 4 - 2320?
-2317
In base 14, what is 251 + 230b?
255c
In base 7, what is 1053641 + 0?
1053641
In base 3, what is -2 - 1011000112121?
-1011000112200
In base 9, what is 41 + 33528?
33570
In base 15, what is 66d - b1?
5ac
In base 2, what is -1001010111101010 - -100?
-1001010111100110
In base 15, what is 15b1 + -3?
15ad
In base 16, what is d - 300e?
-3001
In base 12, what is 142476 - -3?
142479
In base 13, what is -1003 + 12?
-cc1
In base 7, what is 66 + 12232?
12331
In base 14, what is c1b - -1c?
c39
In base 5, what is 111311321 + -2?
111311314
In base 11, what is 104a0 - -6?
104a6
In base 16, what is -9b + d6a?
ccf
In base 3, what is 2021221 + -1100?
2020121
In base 7, what is 16461 - 235?
16223
In base 11, what is 5 + 864a1?
864a6
In base 4, what is 10 - -11221323?
11221333
In base 10, what is -210 - 886?
-1096
In base 11, what is 56a - -689?
1148
In base 9, what is -15 - -445107?
445082
In base 14, what is -a + 233c2?
233b6
In base 15, what is -151e - -5?
-1519
In base 11, what is 3654 - -19?
3672
In base 5, what is -1213 - 200041?
-201304
In base 5, what is 0 - 2033242?
-2033242
In base 3, what is 1010 + -12102102?
-12101022
In base 13, what is b + 27809?
27817
In base 7, what is 150 - 131302?
-131122
In base 4, what is 22 - 2302210?
-2302122
In base 11, what is 318 - -3?
320
In base 3, what is 12121012220 + -2?
12121012211
In base 15, what is -4c - -1460?
1413
In base 9, what is -45 + 763?
717
In base 14, what is -5 - 3c038?
-3c03d
In base 12, what is -783 - 1591?
-2154
In base 9, what is 2 + -2485?
-2483
In base 9, what is 183 + -468?
-275
In base 5, what is -4300 + 10313?
1013
In base 9, what is 2488 - -172?
2671
In base 6, what is 120130401 + 1?
120130402
In base 7, what is 2215251 - -31?
2215312
In base 16, what is 3 - -177d3?
177d6
In base 13, what is -3 - -213b9?
213b6
In base 5, what is -1041 + 4214?
3123
In base 9, what is 4 - -5856?
5861
In base 7, what is 0 - 1114?
-1114
In base 12, what is -12 + 3070?
305a
In base 3, what is 20222000121 - 0?
20222000121
In base 7, what is 3 - 3530552?
-3530546
In base 5, what is -30 + -40033442?
-40034022
In base 7, what is 2 - 224111?
-224106
In base 15, what is -273 + 9?
-269
In base 4, what is 3 - -10311321?
10311330
In base 6, what is 3 + 4010153?
4010200
In base 12, what is -779a6 - -1?
-779a5
In base 6, what is -13 + -123?
-140
In base 13, what is -93 - -13a?
77
In base 11, what is 153 - -139?
291
In base 14, what is -238759 - 1?
-23875a
In base 2, what is 11010100 + -10011000?
111100
In base 10, what is 20 - -3787?
3807
In base 7, what is 51132 - 6?
51123
In base 15, what is 7d73d1 + -1?
7d73d0
In base 7, what is 64040 - 11?
64026
In base 9, what is 11 + -1111?
-1100
In base 10, what is 7223 + 219?
7442
In base 8, what is -270214 + 1?
-270213
In base 12, what is -3 + 7aa7?
7aa4
In base 15, what is -3 + -21d?
-221
In base 4, what is -331 - -12212?
11221
In base 16, what is -b7 + -872?
-929
In base 15, what is -4 + -65009?
-6500d
In base 3, what is 22 + -221000110?
-221000011
In base 2, what is -110001101 - -10001?
-101111100
In base 10, what is -57934 + -19?
-57953
In base 12, what is -a - 1a588?
-1a596
In base 16, what is -9 + 199f?
1996
In base 11, what is 2453 + 1?
2454
In base 8, what is -1616 + 6616?
5000
In base 7, what is 5212555 - -3?
5212561
In base 3, what is -1100 - -1020100?
1012000
In base 6, what is -115010 + 31?
-114535
In base 15, what is 780cd + -8?
780c5
In base 9, what is -10 + -26035?
-26045
In base 6, what is -2 + -2511251?
-2511253
In base 10, what is -2015 - -519?
-1496
In base 8, what is 3511 + -73?
3416
In base 9, what is 7673 - 0?
7673
In base 11, what is -9 - 1892?
-18a0
In base 3, what is 22122212 - 2000?
22120212
In base 2, what is -100111001000001 - 1?
-100111001000010
In base 4, what is -312322 + -2?
-312330
In base 15, what is -2 + 1bda3?
1bda1
In base 2, what is 10 - 100000001100111110101?
-100000001100111110011
In base 11, what is 332 - 23?
30a
In base 4, what is -201 + 2120013?
2113212
In base 2, what is -10111011111 - -1000101?
-10110011010
In base 14, what is 32ccd - -5?
32cd4
In base 9, what is -5 - -8037?
8032
In base 14, what is 15 - c487a?
-c4865
In base 6, what is 243142113 - 1?
243142112
In base 11, what is 476 + -100?
376
In base 7, what is 2 - -2304126?
2304131
In base 14, what is 4 + 35c?
362
In base 10, what is 7 - 10009?
-10002
In base 11, what is -6a64 - -3a?
-6a25
In base 4, what is 30300233 + -13?
30300220
In base 10, what is 50746 + 68?
50814
In base 3, what is 1101022010 + 10022?
1101102102
In base 12, what is -629 - 604?
-1031
In base 5, what is 44222 - 1122?
43100
In base 6, what is 120 - 25043?
-24523
In base 12, what is -3 + 484345?
484342
In base 3, what is 20122 - 1012212?
-222020
In base 13, what is 1411 + 22?
1433
In base 13, what is -2 + 13ca1?
13c9c
In base 5, what is 20101123 - 3?
20101120
In base 3, what is -20221211 - -20?
-20221121
In base 8, what is -673 - 13?
-706
In base 11, what is -2 + -451425?
-451427
In base 4, what is 13313 - -232?
20211
In base 3, what is -220021 - -1010?
-212011
In base 12, what is -3 - 221b57?
-221b5a
In base 2, what is 11011001100100101 + 101?
11011001100101010
In base 16, what is 3 - -3832?
3835
In base 4, what is -213121 - 1111?
-220232
In base 6, what is -10 + -114135?
-114145
In base 14, what is 4 - -23686a?
236870
In base 5, what is -2 - -13104310?
13104303
In base 11, what is 430 + -882?
-452
In base 8, what is -770703 + 4?
-770677
In base 5, what is 114404 - 2?
114402
In base 4, what is 10112320 + 23?
10113003
In base 10, what is -39703 - 3?
-39706
In base 13, what is -20 + -5a5?
-5c5
In base 11, what is -7 + 1542?
1536
In base 2, what is 1010111100101 + 10000?
1010111110101
In base 13, what is 24 + -2519?
-24c5
In base 3, what is -1100 + 1101210?
1100110
In base 3, what is 20022021100 + -12?
20022021011
In base 8, what is -1 - -206375?
206374
In base 4, what is 2013310201 - -1?
2013310202
In base 12, what is -4 + b4850?
b4848
In base 13, what is 7 + 8430c?
84316
In base 16, what is 2 + 3089f?
308a1
In base 2, what is -1 + 10110011100101?
10110011100100
In base 7, what is -2023206 + -4?
-2023213
In base 2, what is -10000 - 0?
-10000
In base 4, what is -20221 - -20121?
-100
In base 8, what is -24255 - 2?
-24257
In base 14, what is 1 + 1504a?
1504b
In base 14, what is -10 - 2b9d?
-2bad
In base 2, what is -101 + 101101011110111000?
101101011110110011
In base 4, what is 3010 + 120?
3130
In base 4, what is -210313 + 1331?
-202322
In base 4, what is 12 + 212133210?
212133222
In base 12, what is 10b26 - -1?
10b27
In base 14, what is 1 - 5cb?
-5ca
In base 2, what is 1000011110111000001 + 11?
1000011110111000100
In base 6, what is 1142501 - 2?
1142455
In base 15, what is 3b6b - -19?
3b85
In base 4, what is 210201 + -2?
210133
In base 4, what is 0 - -120232122?
120232122
In base 12, what is -17 - -2598a?
25973
In base 8, what is 250444 + -1?
250443
In base 15, what is -28d4 + -5?
-28d9
In base 9, what is 2051 + 737?
2788
In base 16, what is 8 + -134b4?
-134ac
In base 11, what is -317 + -397?
-703
In base 6, what is -240 + 122402?
122122
In base 15, what is -69d0 + 11?
-69be
In base 3, what is -21000 - 2011012?
-2102012
In base 2, what is 101011110111000 + 1?
101011110111001
In base 16, what is 26 + -1a89?
-1a63
In base 11, what is -23445 + -3?
-23448
In base 7, what is -151014 